What is the greatest common factor of t and 91?
7
Suppose 10*u = 68 + 72. What is the greatest common factor of u and 126?
14
Let h = -4 + 8. Suppose -h*d - 5*w + 85 = 0, 0 = 5*d - 3*w + 4*w - 122. Calculate the greatest common factor of 10 and d.
5
Let r(a) = -8*a + 1. Let n be r(-1). Suppose -6 - 1 = l. Let s = l + n. Calculate the greatest common factor of s and 1.
1
Suppose 0 = k - 0*k - 11. Calculate the greatest common divisor of k and 33.
11
Let x be (-2 + 0/2)*5. Let r be (-516)/x + 24/(-40). Calculate the greatest common divisor of 17 and r.
17
Let n = -14 - -21. Let l = n + -4. What is the highest common divisor of 3 and l?
3
Let u(n) = n**3 - 18*n**2 + 1. Let m be u(18). What is the greatest common factor of m and 3?
1
Let j be 28 - ((6 - 2) + -1). What is the greatest common factor of 10 and j?
5
Suppose -3*k = -2*o + o - 16, -5*k + 4*o + 15 = 0. Calculate the highest common factor of k and 21.
7
Suppose h = -2*h + i + 140, 2*h = -i + 100. Suppose -5*y + 101 = 2*v, 0*v = -v - 3*y + h. Calculate the highest common factor of 7 and v.
7
Let l = -33 - -253. Let y be (-6)/21 - 426/(-21). What is the highest common factor of y and l?
20
Let p be ((-45)/(-10))/(15/20). Calculate the greatest common divisor of p and 138.
6
Let c = 8 + -6. Suppose -5*k + 3*t = -86, 0*k - 20 = -k + c*t. Suppose -2*i + k + 24 = r, 3*i - 2*r = 67. Calculate the highest common divisor of i and 231.
21
Let u = 16 + -13. Let f be u + 0/(-3) + 1. Calculate the greatest common divisor of f and 4.
4
Let l(f) = -f**3 - 7*f**2 - 7*f - 3. Let b be l(-6). What is the greatest common divisor of 6 and b?
3
Suppose -4*s + 5 + 3 = 0. Let g = 3 + s. Suppose -g*v + 4 + 6 = 0. Calculate the greatest common divisor of 5 and v.
1
Suppose 3*m - 345 = -3*d, -d - 333 = m - 4*m. What is the highest common factor of m and 168?
56
Let b = 128 - 16. What is the greatest common divisor of b and 168?
56
Suppose 2*y + a - 4 = -3*a, 4*a = -12. What is the highest common factor of y and 8?
8
Let n be 4/(-18)*-21*18/4. What is the greatest common divisor of 21 and n?
21
Suppose -46 = -5*w + 4*m, 5*m + 0 = 5. Calculate the highest common divisor of w and 50.
10
Let p(t) = 17*t**2 + 7*t + 6. Let v be p(3). Calculate the highest common divisor of 20 and v.
20
Let l = -125 - -138. Calculate the greatest common divisor of 26 and l.
13
Let h = 48 - 109. Let g = h - -85. Let t = -3 + 6. Calculate the highest common factor of t and g.
3
Suppose 0*u + 50 = 4*h + 2*u, -h + 14 = -u. Suppose 5*t - h = 12. Suppose -t*a = -36 - 64. What is the greatest common factor of 10 and a?
10
Suppose -6*z = -4*z. Suppose -5 + z = 5*o, 2*u = -4*o + 4. Suppose 132 = 5*s + 2*t, 0*t - t + 108 = u*s. What is the highest common factor of 7 and s?
7
Let b(s) = 3 - 3 - s + s**2 - s**3. Let i be b(0). Suppose i*k = k - 20. Calculate the highest common factor of k and 10.
10
Suppose -8*m = -4*m. Let k = 2 + -2. Suppose -5*f - r + 4*r + 111 = k, 2*f - 3*r - 39 = m. Calculate the highest common divisor of 60 and f.
12
Let q = 250 - 61. Let d = -125 + q. Let l = 16 + -8. What is the highest common divisor of l and d?
8
Suppose 10*a = 3*a + 595. What is the highest common divisor of 17 and a?
17
Suppose 5*m = 4*r - 168, 3*r - 2*m - m - 126 = 0. Calculate the highest common factor of 21 and r.
21
Let c = 149 + -83. What is the greatest common divisor of 6 and c?
6
Suppose 5*j - 3*z - 85 = 2*z, 0 = 3*j + 5*z - 51. Suppose 19 = 5*h - 66. Calculate the highest common divisor of j and h.
17
Let i = 22 + 2. Let z be (1/(-2))/((-2)/40). Let r = 26 - z. Calculate the greatest common divisor of i and r.
8
Let n = 28 - 64. Let d = -14 - n. Calculate the highest common factor of d and 33.
11
Let p be 5/10*14*2. Calculate the greatest common factor of 70 and p.
14
Let q be (-54)/(-10) + (-2)/5. Let y(m) = -8*m**2 - 2*m - 1. Let w be y(-1). Let f be (-9)/w + (-2)/7. What is the highest common divisor of q and f?
1
Let s be (-690)/(-4) - 51/34. What is the highest common divisor of 19 and s?
19
Suppose 12*l = 3*l + 567. Calculate the greatest common divisor of 21 and l.
21
Let p(v) = 2*v**2 - 1. Let r be p(-1). Let s(h) = h**3 - 6*h**2 + 6*h. Let f be s(5). What is the greatest common divisor of f and r?
1
Let f(n) = n**3 - 11*n**2 - 12*n + 6. Let u be f(12). Calculate the greatest common divisor of 15 and u.
3
Let x = -77 + 93. Calculate the greatest common factor of x and 112.
16
Suppose -5*o - 78 = -a, -3*a = 4*o - 0*o - 234. Calculate the highest common factor of 52 and a.
26
Let v = 51 + -26. Let w be 10/(-3)*(-4 + 1). What is the highest common factor of v and w?
5
Let n = -38 + 56. Calculate the greatest common factor of n and 90.
18
Let g be 3/6*2 - 3. Let i be (-92)/(-32) + g/(-16). Calculate the greatest common factor of 33 and i.
3
Let j = 0 + 0. Suppose 42*z = 45*z - 6. Suppose -5*r = -0*f + 2*f - 130, z*r + 8 = j. What is the greatest common factor of 15 and f?
15
Suppose 1 = 2*p - 1. What is the greatest common divisor of p and 8?
1
Let o be (-7)/((-28)/288) + 0. Calculate the highest common divisor of 18 and o.
18
Let l(t) = t - 6. Let r be l(6). Let p = 1 - r. What is the highest common factor of p and 8?
1
Let v = -8 - -9. Let s = 19 - v. Calculate the greatest common factor of 90 and s.
18
Suppose 7*q - 215 = -54. What is the highest common factor of 92 and q?
23
Let s = -9 + 11. Suppose -s*q = 2*h - 0*q - 146, h - 69 = 3*q. What is the greatest common divisor of h and 9?
9
Suppose 5*p - 144 = -3*y - y, -4*p = y - 124. What is the highest common divisor of 4 and p?
4
Let f(u) = 2*u**2 + 8*u - 3. Let m be f(-13). What is the highest common factor of 33 and m?
33
Suppose 5*t - t - 180 = 0. Let m be (2 - 3)*92/4. Let b = m + t. Calculate the greatest common divisor of 22 and b.
22
Let f(x) = x - 6. Let q be f(5). Let v(b) = b + 4. Let y be v(-3). Let k be -1 - (y + (q - 9)). What is the highest common factor of 24 and k?
8
Let r be -2 + 5/(10/132). Suppose -4 = -3*i + 2. Suppose i*o - 16 = -0*o. What is the greatest common divisor of r and o?
8
Let m(b) = -2*b**2 - 15*b - 5. Let j(p) = p**2 + 10*p + 3. Let q(y) = -8*j(y) - 5*m(y). Let g be q(4). What is the greatest common factor of g and 143?
13
Let a = 26 + -17. Let t = a + -7. Let g be 0 + -2 + 16/1. Calculate the highest common factor of t and g.
2
Let a = 53 + 51. Calculate the greatest common divisor of a and 26.
26
Let l(j) = j**3 + 5*j**2 - 7*j - 6. Let k be l(-6). Let c = k - -32. What is the highest common divisor of c and 8?
8
Let s be 2/6 + (-33)/(-9). Let l = 4 - s. Let a(b) = b**3 - b + 9. Let z be a(l). What is the greatest common divisor of 9 and z?
9
Let j = 3 + -7. Let r = 2 - j. Calculate the highest common factor of 9 and r.
3
Let i(p) = 2*p - 3 + 0*p - p. Let y be i(8). Let o = -65 - -105. Calculate the greatest common factor of y and o.
5
Let d(y) = 4*y**2 + 4*y - 2. Let p be d(3). Suppose -4*q + 468 = -4*i, 5*q - 2*i + 182 = 761. Calculate the greatest common factor of p and q.
23
Let h = 17 + 11. Suppose 4*s = 6*s - h. What is the highest common factor of 42 and s?
14
Let l(m) = -m**3 + 2*m**2 - 3. Let q be l(-3). What is the highest common factor of 63 and q?
21
Let p be 0 + (-1 - -443) + -2. Suppose 5*r - p = r. Suppose 5*q + 6*h - 40 = h, -26 = -q + 5*h. What is the highest common divisor of r and q?
11
Let s(w) = -96*w - 3. Let h be s(-2). Calculate the greatest common factor of 21 and h.
21
Let r(i) = -54*i + 11. Let f be r(-1). Calculate the highest common factor of 5 and f.
5
Let i be (-6)/4*22/(-3). Calculate the greatest common factor of 1 and i.
1
Let z be (-2)/((24/51)/(-4)). Calculate the highest common factor of z and 119.
17
Suppose u + 0 = -2. Let g(l) = -43*l + 2. Let h be g(u). Calculate the highest common divisor of h and 8.
8
Let p be (-12)/(-8) - (-2)/((-12)/(-567)). Calculate the greatest common factor of p and 16.
16
Let c = 6 - 2. Suppose 2*z = -2*h + c, 12 = 6*h - 3*h + 5*z. Let m be (-1 - h) + 10/2. Calculate the greatest common divisor of 45 and m.
5
Suppose 24 = 2*b - 0*b + 3*c, 0 = -c - 4. Calculate the highest common factor of b and 198.
18
Let s(o) = 3*o**3 - o**2 - 2*o - 1. Let q be s(2). What is the highest common divisor of q and 6?
3
Let b = 43 - 73. Let t = b + 46. Calculate the highest common divisor of t and 40.
8